{"id":117,"date":"2020-08-02T19:20:39","date_gmt":"2020-08-02T19:20:39","guid":{"rendered":"https:\/\/bslthemes.site\/artem\/?page_id=117"},"modified":"2022-03-13T18:16:29","modified_gmt":"2022-03-13T17:16:29","slug":"blog-3","status":"publish","type":"page","link":"https:\/\/yannisboudina.com\/","title":{"rendered":"Blog"},"content":{"rendered":"\t\t<div data-elementor-type=\"wp-page\" data-elementor-id=\"117\" class=\"elementor elementor-117\">\n\t\t\t\t\t\t<section class=\"elementor-section elementor-top-section elementor-element elementor-element-5b78615 elementor-section-full_width elementor-section-height-default elementor-section-height-default\" data-id=\"5b78615\" data-element_type=\"section\">\n\t\t\t\t\t\t<div class=\"elementor-container elementor-column-gap-no\">\n\t\t\t\t\t<div class=\"elementor-column elementor-col-100 elementor-top-column elementor-element elementor-element-28898c7\" data-id=\"28898c7\" data-element_type=\"column\">\n\t\t\t<div class=\"elementor-widget-wrap elementor-element-populated\">\n\t\t\t\t\t\t<div class=\"elementor-element elementor-element-f18d250 elementor-widget elementor-widget-artem-blog-grid\" data-id=\"f18d250\" data-element_type=\"widget\" data-widget_type=\"artem-blog-grid.default\">\n\t\t\t\t<div class=\"elementor-widget-container\">\n\t\t\t\n\t\t<!-- News -->\n\t\t\t\t<div class=\"flex-conteiner-fluid mw\">\n\t\t\t\t\t<header class=\"header-page\">\n\t\t\t\t\t            \n\t            \t            <div class=\"select js-down\">\n\t\t\t\t    <span class=\"placeholder\">Select category<\/span>\n\t\t\t\t    <ul class=\"filters\">\n\t\t\t\t        <li class=\"filters__item\"><h6 class=\"title title--overhead filters-title\">Categories<\/h6><\/li>\n\t\t\t\t\t    <li class=\"filters__item active\" data-filter=\"*\"><a class=\"filters__link\" href=\"#filter\">All<\/a><\/li>\n\t\t\t\t\t    \t\t\t\t\t    <li class=\"filters__item\" data-filter=\".category-vague\"><a class=\"filters__link\" href=\"#filter\">Vague<\/a><\/li>\n\t\t\t\t\t    \t\t\t\t\t    <li class=\"filters__item\" data-filter=\".category-tiare\"><a class=\"filters__link\" href=\"#filter\">Tiar\u00e9<\/a><\/li>\n\t\t\t\t\t    \t\t\t\t\t    <li class=\"filters__item\" data-filter=\".category-tanin\"><a class=\"filters__link\" href=\"#filter\">Tanin<\/a><\/li>\n\t\t\t\t\t    \t\t\t\t\t    <li class=\"filters__item\" data-filter=\".category-soleil\"><a class=\"filters__link\" href=\"#filter\">Soleil<\/a><\/li>\n\t\t\t\t\t    \t\t\t\t\t    <li class=\"filters__item\" data-filter=\".category-simple\"><a class=\"filters__link\" href=\"#filter\">Simple<\/a><\/li>\n\t\t\t\t\t    \t\t\t\t\t    <li class=\"filters__item\" data-filter=\".category-serpentin\"><a class=\"filters__link\" href=\"#filter\">Serpentin<\/a><\/li>\n\t\t\t\t\t    \t\t\t\t\t    <li class=\"filters__item\" data-filter=\".category-rompu\"><a class=\"filters__link\" href=\"#filter\">Rompu<\/a><\/li>\n\t\t\t\t\t    \t\t\t\t\t    <li class=\"filters__item\" data-filter=\".category-pluie\"><a class=\"filters__link\" href=\"#filter\">Pluie<\/a><\/li>\n\t\t\t\t\t    \t\t\t\t\t    <li class=\"filters__item\" data-filter=\".category-pastoral\"><a class=\"filters__link\" href=\"#filter\">Pastoral<\/a><\/li>\n\t\t\t\t\t    \t\t\t\t\t    <li class=\"filters__item\" data-filter=\".category-ovale\"><a class=\"filters__link\" href=\"#filter\">Ovale<\/a><\/li>\n\t\t\t\t\t    \t\t\t\t\t    <li class=\"filters__item\" data-filter=\".category-osier\"><a class=\"filters__link\" href=\"#filter\">Osier<\/a><\/li>\n\t\t\t\t\t    \t\t\t\t\t    <li class=\"filters__item\" data-filter=\".category-ondule\"><a class=\"filters__link\" href=\"#filter\">Ondul\u00e9<\/a><\/li>\n\t\t\t\t\t    \t\t\t\t\t    <li class=\"filters__item\" data-filter=\".category-ombrageux\"><a class=\"filters__link\" href=\"#filter\">Ombrageux<\/a><\/li>\n\t\t\t\t\t    \t\t\t\t\t    <li class=\"filters__item\" data-filter=\".category-musce\"><a class=\"filters__link\" href=\"#filter\">Musc\u00e9<\/a><\/li>\n\t\t\t\t\t    \t\t\t\t\t    <li class=\"filters__item\" data-filter=\".category-matin\"><a class=\"filters__link\" href=\"#filter\">Matin<\/a><\/li>\n\t\t\t\t\t    \t\t\t\t\t    <li class=\"filters__item\" data-filter=\".category-ligne-claire\"><a class=\"filters__link\" href=\"#filter\">Ligne claire<\/a><\/li>\n\t\t\t\t\t    \t\t\t\t\t    <li class=\"filters__item\" data-filter=\".category-humus\"><a class=\"filters__link\" href=\"#filter\">Humus<\/a><\/li>\n\t\t\t\t\t    \t\t\t\t\t    <li class=\"filters__item\" data-filter=\".category-humide\"><a class=\"filters__link\" href=\"#filter\">Humide<\/a><\/li>\n\t\t\t\t\t    \t\t\t\t\t    <li class=\"filters__item\" data-filter=\".category-feu\"><a class=\"filters__link\" href=\"#filter\">Feu<\/a><\/li>\n\t\t\t\t\t    \t\t\t\t\t    <li class=\"filters__item\" data-filter=\".category-escarpe\"><a class=\"filters__link\" href=\"#filter\">\u00c9scarp\u00e9<\/a><\/li>\n\t\t\t\t\t    \t\t\t\t\t    <li class=\"filters__item\" data-filter=\".category-edetente\"><a class=\"filters__link\" href=\"#filter\">\u00c9d\u00e9tent\u00e9<\/a><\/li>\n\t\t\t\t\t    \t\t\t\t\t    <li class=\"filters__item\" data-filter=\".category-ecart\"><a class=\"filters__link\" href=\"#filter\">\u00c9cart<\/a><\/li>\n\t\t\t\t\t    \t\t\t\t\t    <li class=\"filters__item\" data-filter=\".category-cedre\"><a class=\"filters__link\" href=\"#filter\">C\u00e8dre<\/a><\/li>\n\t\t\t\t\t    \t\t\t\t\t    <li class=\"filters__item\" data-filter=\".category-arete\"><a class=\"filters__link\" href=\"#filter\">Ar\u00eate<\/a><\/li>\n\t\t\t\t\t    \t\t\t\t\t    <li class=\"filters__item\" data-filter=\".category-ardeur\"><a class=\"filters__link\" href=\"#filter\">Ardeur<\/a><\/li>\n\t\t\t\t\t    \t\t\t\t\t    <li class=\"filters__item\" data-filter=\".category-acide\"><a class=\"filters__link\" href=\"#filter\">Acide<\/a><\/li>\n\t\t\t\t\t    \t\t\t\t    <\/ul>\n\t\t\t\t    <input type=\"hidden\" name=\"changemetoo\"\/>\n\t\t\t\t<\/div>\n\t\t\t\t\t\t\t<\/header>\n\t\t\t\n\t\t\t\t\t    <div class=\"flex-grid fitGrid js-sort\">\n\t\t    \t\t\t    \t<div class=\"gutter-sizer gutter-sizer--3\"><\/div>\n\t\t    \t\t\t\t    \n\t\t\t    \n\n<!-- Post -->\n<article id=\"post-1756\" class=\"item-news item-news--tree triger-hl category-ligne-claire  post-1756 post type-post status-publish format-standard hentry\">\n        <div class=\"item-news__header js-block\">\n        <div class=\"date\">\n            Ligne claire  \/ 10 octobre 2021        <\/div>\n                <h2 class=\"title title--h5 item-news__title\"><a href=\"https:\/\/yannisboudina.com\/index.php\/2021\/10\/10\/1756\/\"><span class=\"hover-line\">pr\u00e9sentation<\/span><\/a><\/h2>\n            <\/div>\n<\/article>\n<!-- \/Post --><!-- #post-1756 -->\n\n<!-- Post -->\n<article id=\"post-4661\" class=\"item-news item-news--tree triger-hl category-acide category-ecart category-humus category-ovale category-pastoral category-pluie category-rompu  post-4661 post type-post status-publish format-standard hentry\">\n        <div class=\"item-news__header js-block\">\n        <div class=\"date\">\n            Acide, \u00c9cart, Humus, Ovale, Pastoral, Pluie, Rompu  \/ 10 f\u00e9vrier 2026        <\/div>\n                <h2 class=\"title title--h5 item-news__title\"><a href=\"https:\/\/yannisboudina.com\/index.php\/2026\/02\/10\/manieres\/\"><span class=\"hover-line\">mani\u00e8res<\/span><\/a><\/h2>\n            <\/div>\n<\/article>\n<!-- \/Post --><!-- #post-4661 -->\n\n<!-- Post -->\n<article id=\"post-4599\" class=\"item-news item-news--tree triger-hl category-tanin  post-4599 post type-post status-publish format-standard post-password-required hentry\">\n        <div class=\"item-news__header js-block\">\n        <div class=\"date\">\n            Tanin  \/ 8 novembre 2025        <\/div>\n                <h2 class=\"title title--h5 item-news__title\"><a href=\"https:\/\/yannisboudina.com\/index.php\/2025\/11\/08\/deux-bastier\/\"><span class=\"hover-line\">Prot\u00e9g\u00e9\u00a0: deux bastier<\/span><\/a><\/h2>\n            <\/div>\n<\/article>\n<!-- \/Post --><!-- #post-4599 -->\n\n<!-- Post -->\n<article id=\"post-4577\" class=\"item-news item-news--tree triger-hl category-pluie category-serpentin category-tiare  post-4577 post type-post status-publish format-standard hentry\">\n        <div class=\"item-news__header js-block\">\n        <div class=\"date\">\n            Pluie, Serpentin, Tiar\u00e9  \/ 10 octobre 2025        <\/div>\n                <h2 class=\"title title--h5 item-news__title\"><a href=\"https:\/\/yannisboudina.com\/index.php\/2025\/10\/10\/les-mots-de-trop\/\"><span class=\"hover-line\">les mots de trop<\/span><\/a><\/h2>\n            <\/div>\n<\/article>\n<!-- \/Post --><!-- #post-4577 -->\n\n<!-- Post -->\n<article id=\"post-4566\" class=\"item-news item-news--tree triger-hl category-acide category-cedre category-humide category-humus category-matin category-musce category-ondule category-osier category-ovale category-pastoral category-pluie category-soleil category-tanin category-tiare category-vague  post-4566 post type-post status-publish format-standard hentry\">\n        <div class=\"item-news__header js-block\">\n        <div class=\"date\">\n            Acide, C\u00e8dre, Humide, Humus, Matin, Musc\u00e9, Ondul\u00e9, Osier, Ovale, Pastoral, Pluie, Soleil, Tanin, Tiar\u00e9, Vague  \/ 10 octobre 2025        <\/div>\n                <h2 class=\"title title--h5 item-news__title\"><a href=\"https:\/\/yannisboudina.com\/index.php\/2025\/10\/10\/octobre\/\"><span class=\"hover-line\">octobre<\/span><\/a><\/h2>\n            <\/div>\n<\/article>\n<!-- \/Post --><!-- #post-4566 -->\n\n<!-- Post -->\n<article id=\"post-4510\" class=\"item-news item-news--tree triger-hl category-tanin  post-4510 post type-post status-publish format-standard hentry\">\n        <div class=\"item-news__header js-block\">\n        <div class=\"date\">\n            Tanin  \/ 7 juin 2025        <\/div>\n                <h2 class=\"title title--h5 item-news__title\"><a href=\"https:\/\/yannisboudina.com\/index.php\/2025\/06\/07\/flo-t\/\"><span class=\"hover-line\">Flo.t<\/span><\/a><\/h2>\n            <\/div>\n<\/article>\n<!-- \/Post --><!-- #post-4510 -->\n\n<!-- Post -->\n<article id=\"post-4508\" class=\"item-news item-news--tree triger-hl category-edetente category-humus category-ombrageux category-pluie  post-4508 post type-post status-publish format-standard hentry\">\n        <div class=\"item-news__header js-block\">\n        <div class=\"date\">\n            \u00c9d\u00e9tent\u00e9, Humus, Ombrageux, Pluie  \/ 7 juin 2025        <\/div>\n                <h2 class=\"title title--h5 item-news__title\"><a href=\"https:\/\/yannisboudina.com\/index.php\/2025\/06\/07\/flo-w\/\"><span class=\"hover-line\">Flo.w<\/span><\/a><\/h2>\n            <\/div>\n<\/article>\n<!-- \/Post --><!-- #post-4508 -->\n\n<!-- Post -->\n<article id=\"post-4382\" class=\"item-news item-news--tree triger-hl category-humus  post-4382 post type-post status-publish format-standard hentry\">\n        <div class=\"item-news__header js-block\">\n        <div class=\"date\">\n            Humus  \/ 18 janvier 2025        <\/div>\n                <h2 class=\"title title--h5 item-news__title\"><a href=\"https:\/\/yannisboudina.com\/index.php\/2025\/01\/18\/lindifference-a-etre-lu\/\"><span class=\"hover-line\">l&#8217;indiff\u00e9rence \u00e0 \u00eatre lu<\/span><\/a><\/h2>\n            <\/div>\n<\/article>\n<!-- \/Post --><!-- #post-4382 -->\n\n<!-- Post -->\n<article id=\"post-4150\" class=\"item-news item-news--tree triger-hl category-humus category-matin  post-4150 post type-post status-publish format-standard hentry\">\n        <div class=\"item-news__header js-block\">\n        <div class=\"date\">\n            Humus, Matin  \/ 21 octobre 2024        <\/div>\n                <h2 class=\"title title--h5 item-news__title\"><a href=\"https:\/\/yannisboudina.com\/index.php\/2024\/10\/21\/correction\/\"><span class=\"hover-line\">s\u00e9r\u00e9nit\u00e9<\/span><\/a><\/h2>\n            <\/div>\n<\/article>\n<!-- \/Post --><!-- #post-4150 -->\n\n<!-- Post -->\n<article id=\"post-4145\" class=\"item-news item-news--tree triger-hl category-arete category-edetente  post-4145 post type-post status-publish format-standard hentry\">\n        <div class=\"item-news__header js-block\">\n        <div class=\"date\">\n            Ar\u00eate, \u00c9d\u00e9tent\u00e9  \/ 21 octobre 2024        <\/div>\n                <h2 class=\"title title--h5 item-news__title\"><a href=\"https:\/\/yannisboudina.com\/index.php\/2024\/10\/21\/poeme-incomplet\/\"><span class=\"hover-line\">la disparition du langage (brouillon)<\/span><\/a><\/h2>\n            <\/div>\n<\/article>\n<!-- \/Post --><!-- #post-4145 -->\n\n<!-- Post -->\n<article id=\"post-4106\" class=\"item-news item-news--tree triger-hl category-humus category-matin  post-4106 post type-post status-publish format-standard hentry\">\n        <div class=\"item-news__header js-block\">\n        <div class=\"date\">\n            Humus, Matin  \/ 4 septembre 2024        <\/div>\n                <h2 class=\"title title--h5 item-news__title\"><a href=\"https:\/\/yannisboudina.com\/index.php\/2024\/09\/04\/origami\/\"><span class=\"hover-line\">origami<\/span><\/a><\/h2>\n            <\/div>\n<\/article>\n<!-- \/Post --><!-- #post-4106 -->\n\n<!-- Post -->\n<article id=\"post-4011\" class=\"item-news item-news--tree triger-hl category-edetente category-ligne-claire category-matin  post-4011 post type-post status-publish format-standard hentry\">\n        <div class=\"item-news__header js-block\">\n        <div class=\"date\">\n            \u00c9d\u00e9tent\u00e9, Ligne claire, Matin  \/ 31 mai 2024        <\/div>\n                <h2 class=\"title title--h5 item-news__title\"><a href=\"https:\/\/yannisboudina.com\/index.php\/2024\/05\/31\/caldoche\/\"><span class=\"hover-line\">caldoche<\/span><\/a><\/h2>\n            <\/div>\n<\/article>\n<!-- \/Post --><!-- #post-4011 -->\n\n<!-- Post -->\n<article id=\"post-3594\" class=\"item-news item-news--tree triger-hl category-tanin  post-3594 post type-post status-publish format-standard hentry\">\n        <div class=\"item-news__header js-block\">\n        <div class=\"date\">\n            Tanin  \/ 30 mai 2024        <\/div>\n                <h2 class=\"title title--h5 item-news__title\"><a href=\"https:\/\/yannisboudina.com\/index.php\/2024\/05\/30\/3594\/\"><span class=\"hover-line\">&#8230;<\/span><\/a><\/h2>\n            <\/div>\n<\/article>\n<!-- \/Post --><!-- #post-3594 -->\n\n<!-- Post -->\n<article id=\"post-3670\" class=\"item-news item-news--tree triger-hl category-simple  post-3670 post type-post status-publish format-standard hentry\">\n        <div class=\"item-news__header js-block\">\n        <div class=\"date\">\n            Simple  \/ 20 mai 2024        <\/div>\n                <h2 class=\"title title--h5 item-news__title\"><a href=\"https:\/\/yannisboudina.com\/index.php\/2024\/05\/20\/nominalisme\/\"><span class=\"hover-line\">nominalisme<\/span><\/a><\/h2>\n            <\/div>\n<\/article>\n<!-- \/Post --><!-- #post-3670 -->\n\n<!-- Post -->\n<article id=\"post-3668\" class=\"item-news item-news--tree triger-hl category-ardeur  post-3668 post type-post status-publish format-standard hentry\">\n        <div class=\"item-news__header js-block\">\n        <div class=\"date\">\n            Ardeur  \/ 19 mai 2024        <\/div>\n                <h2 class=\"title title--h5 item-news__title\"><a href=\"https:\/\/yannisboudina.com\/index.php\/2024\/05\/19\/connaitre\/\"><span class=\"hover-line\">conna\u00eetre<\/span><\/a><\/h2>\n            <\/div>\n<\/article>\n<!-- \/Post --><!-- #post-3668 -->\n\n<!-- Post -->\n<article id=\"post-3593\" class=\"item-news item-news--tree triger-hl category-arete category-rompu  post-3593 post type-post status-publish format-standard hentry\">\n        <div class=\"item-news__header js-block\">\n        <div class=\"date\">\n            Ar\u00eate, Rompu  \/ 4 f\u00e9vrier 2024        <\/div>\n                <h2 class=\"title title--h5 item-news__title\"><a href=\"https:\/\/yannisboudina.com\/index.php\/2024\/02\/04\/tu-nes-pas-fou\/\"><span class=\"hover-line\">tu n&#8217;es pas fou<\/span><\/a><\/h2>\n            <\/div>\n<\/article>\n<!-- \/Post --><!-- #post-3593 -->\n\n<!-- Post -->\n<article id=\"post-3617\" class=\"item-news item-news--tree triger-hl category-escarpe  post-3617 post type-post status-publish format-standard hentry\">\n        <div class=\"item-news__header js-block\">\n        <div class=\"date\">\n            \u00c9scarp\u00e9  \/ 4 f\u00e9vrier 2024        <\/div>\n                <h2 class=\"title title--h5 item-news__title\"><a href=\"https:\/\/yannisboudina.com\/index.php\/2024\/02\/04\/traire\/\"><span class=\"hover-line\">traire<\/span><\/a><\/h2>\n            <\/div>\n<\/article>\n<!-- \/Post --><!-- #post-3617 -->\n\n<!-- Post -->\n<article id=\"post-3595\" class=\"item-news item-news--tree triger-hl category-matin category-soleil category-tanin  post-3595 post type-post status-publish format-standard hentry\">\n        <div class=\"item-news__header js-block\">\n        <div class=\"date\">\n            Matin, Soleil, Tanin  \/ 27 janvier 2024        <\/div>\n                <h2 class=\"title title--h5 item-news__title\"><a href=\"https:\/\/yannisboudina.com\/index.php\/2024\/01\/27\/silence\/\"><span class=\"hover-line\">silence<\/span><\/a><\/h2>\n            <\/div>\n<\/article>\n<!-- \/Post --><!-- #post-3595 -->\n\n<!-- Post -->\n<article id=\"post-3575\" class=\"item-news item-news--tree triger-hl category-simple category-vague  post-3575 post type-post status-publish format-standard hentry\">\n        <div class=\"item-news__header js-block\">\n        <div class=\"date\">\n            Simple, Vague  \/ 17 janvier 2024        <\/div>\n                <h2 class=\"title title--h5 item-news__title\"><a href=\"https:\/\/yannisboudina.com\/index.php\/2024\/01\/17\/quelque-part\/\"><span class=\"hover-line\">quelque part<\/span><\/a><\/h2>\n            <\/div>\n<\/article>\n<!-- \/Post --><!-- #post-3575 -->\n\n<!-- Post -->\n<article id=\"post-3496\" class=\"item-news item-news--tree triger-hl category-humus  post-3496 post type-post status-publish format-standard hentry\">\n        <div class=\"item-news__header js-block\">\n        <div class=\"date\">\n            Humus  \/ 21 d\u00e9cembre 2023        <\/div>\n                <h2 class=\"title title--h5 item-news__title\"><a href=\"https:\/\/yannisboudina.com\/index.php\/2023\/12\/21\/saundra\/\"><span class=\"hover-line\">saundra<\/span><\/a><\/h2>\n            <\/div>\n<\/article>\n<!-- \/Post --><!-- #post-3496 -->\n\n<!-- Post -->\n<article id=\"post-3266\" class=\"item-news item-news--tree triger-hl category-escarpe  post-3266 post type-post status-publish format-standard hentry\">\n        <div class=\"item-news__header js-block\">\n        <div class=\"date\">\n            \u00c9scarp\u00e9  \/ 8 mars 2023        <\/div>\n                <h2 class=\"title title--h5 item-news__title\"><a href=\"https:\/\/yannisboudina.com\/index.php\/2023\/03\/08\/pour-se-souvenir\/\"><span class=\"hover-line\">pour se souvenir<\/span><\/a><\/h2>\n            <\/div>\n<\/article>\n<!-- \/Post --><!-- #post-3266 -->\t\t\t<\/div>\n\n\t\t\t\n\t\t\t\n\t\t\t\n\t\t\t\t\t<\/div>\n\t    <!-- \/News -->\n\n\t\t\t\t<\/div>\n\t\t\t\t<\/div>\n\t\t\t\t<section class=\"elementor-section elementor-inner-section elementor-element elementor-element-f669b7e elementor-section-boxed elementor-section-height-default elementor-section-height-default\" data-id=\"f669b7e\" data-element_type=\"section\">\n\t\t\t\t\t\t<div class=\"elementor-container elementor-column-gap-default\">\n\t\t\t\t\t<div class=\"elementor-column elementor-col-50 elementor-inner-column elementor-element elementor-element-de7524d\" data-id=\"de7524d\" data-element_type=\"column\">\n\t\t\t<div class=\"elementor-widget-wrap\">\n\t\t\t\t\t\t\t<\/div>\n\t\t<\/div>\n\t\t\t\t<div class=\"elementor-column elementor-col-50 elementor-inner-column elementor-element elementor-element-477912d\" data-id=\"477912d\" data-element_type=\"column\">\n\t\t\t<div class=\"elementor-widget-wrap\">\n\t\t\t\t\t\t\t<\/div>\n\t\t<\/div>\n\t\t\t\t\t<\/div>\n\t\t<\/section>\n\t\t\t\t\t<\/div>\n\t\t<\/div>\n\t\t\t\t\t<\/div>\n\t\t<\/section>\n\t\t\t\t<section class=\"elementor-section elementor-top-section elementor-element elementor-element-43e10fc elementor-section-boxed elementor-section-height-default elementor-section-height-default\" data-id=\"43e10fc\" data-element_type=\"section\">\n\t\t\t\t\t\t<div class=\"elementor-container elementor-column-gap-default\">\n\t\t\t\t\t<div class=\"elementor-column elementor-col-100 elementor-top-column elementor-element elementor-element-47df8f0\" data-id=\"47df8f0\" data-element_type=\"column\">\n\t\t\t<div class=\"elementor-widget-wrap\">\n\t\t\t\t\t\t\t<\/div>\n\t\t<\/div>\n\t\t\t\t\t<\/div>\n\t\t<\/section>\n\t\t\t\t<\/div>\n\t\t","protected":false},"excerpt":{"rendered":"<p>Select category Categories All Vague Ovale Ondul\u00e9 Non class\u00e9 Ligne claire Ovale, Vague \/ 11 mars 2022 35 (1) Ligne claire \/ 4 mars 2022 \u062f\u062e\u0644\u062a \u0628\u0627\u0631\u064a\u0633 Vague \/ 3 d\u00e9cembre 2021 malade Non class\u00e9 \/ 10 octobre 2021 pr\u00e9sentation Ondul\u00e9 \/ 10 octobre&#8230; <\/p>\n<div><a href=\"https:\/\/yannisboudina.com\/index.php\/2023\/03\/08\/pour-se-souvenir\/\" class=\"btn-link\">READ MORE<\/a><\/div>\n","protected":false},"author":3,"featured_media":0,"parent":0,"menu_order":0,"comment_status":"closed","ping_status":"closed","template":"template-layout-builder.php","meta":{"_monsterinsights_skip_tracking":false,"_monsterinsights_sitenote_active":false,"_monsterinsights_sitenote_note":"","_monsterinsights_sitenote_category":0,"footnotes":""},"class_list":["post-117","page","type-page","status-publish","hentry"],"acf":[],"_links":{"self":[{"href":"https:\/\/yannisboudina.com\/index.php\/wp-json\/wp\/v2\/pages\/117","targetHints":{"allow":["GET"]}}],"collection":[{"href":"https:\/\/yannisboudina.com\/index.php\/wp-json\/wp\/v2\/pages"}],"about":[{"href":"https:\/\/yannisboudina.com\/index.php\/wp-json\/wp\/v2\/types\/page"}],"author":[{"embeddable":true,"href":"https:\/\/yannisboudina.com\/index.php\/wp-json\/wp\/v2\/users\/3"}],"replies":[{"embeddable":true,"href":"https:\/\/yannisboudina.com\/index.php\/wp-json\/wp\/v2\/comments?post=117"}],"version-history":[{"count":18,"href":"https:\/\/yannisboudina.com\/index.php\/wp-json\/wp\/v2\/pages\/117\/revisions"}],"predecessor-version":[{"id":2026,"href":"https:\/\/yannisboudina.com\/index.php\/wp-json\/wp\/v2\/pages\/117\/revisions\/2026"}],"wp:attachment":[{"href":"https:\/\/yannisboudina.com\/index.php\/wp-json\/wp\/v2\/media?parent=117"}],"curies":[{"name":"wp","href":"https:\/\/api.w.org\/{rel}","templated":true}]}}